{"id":48,"date":"2021-02-10T11:00:34","date_gmt":"2021-02-10T10:00:34","guid":{"rendered":"http:\/\/www.mauel-net.de\/?page_id=48"},"modified":"2021-02-10T11:00:35","modified_gmt":"2021-02-10T10:00:35","slug":"wappen-2","status":"publish","type":"page","link":"http:\/\/www.mauel-net.de\/?page_id=48","title":{"rendered":"Wappen"},"content":{"rendered":"\n<p><strong>Wappenbeschreibung:<\/strong><\/p>\n\n\n\n<div class=\"wp-block-image\"><figure class=\"alignright size-large\"><img loading=\"lazy\" decoding=\"async\" width=\"120\" height=\"129\" src=\"http:\/\/www.mauel-net.de\/wp-content\/uploads\/2021\/02\/wappen.gif\" alt=\"Bild: Wappen der Ortsgemeinde Mauel\" class=\"wp-image-47\"\/><\/figure><\/div>\n\n\n\n<p>\u201eVon Rot \u00fcber Silber geteilt durch schr\u00e4grechten blau-silbernen Wellenbalken, vorn gr\u00fcner Eichenzweig mit einem Blatt und zwei Eicheln, hinten drei goldene \u00c4hren&#8220;<\/p>\n\n\n\n<p><strong>Wappenbegr\u00fcndung:<\/strong><\/p>\n\n\n\n<p>Der Ort ist vermutlich zun\u00e4chst am heutigen Urmauel schon vor der Jahrtausendwende entstanden. Der Standort direkt an der Pr\u00fcm war deutlich Wasser und hochwassergef\u00e4hrdet.<\/p>\n\n\n\n<p>Der Ortsname leitet sich von alten Wortst\u00e4mmen Mul oder Auwel ab, die beide auf Feuchtgebiete und auch ein hohes Alter hinweisen. Der silber-blaue Wellenschr\u00e4gbalken soll die Pr\u00fcm symbolisieren.<\/p>\n\n\n\n<p>Die Region wurde um die erste Jahrtausendwende als Lehen der Abtei Pr\u00fcm durch Hamm gef\u00fchrt. Die Farben der Abtei waren Rot und Silber. 1345 wird das heutige Mauel erstmals urkundlich erw\u00e4hnt. Die Machtverh\u00e4ltnisse hatten sich grundlegend gewandelt. Mauel lag nun im Herrschaftsbereich von Luxembourg. Zur Gemeinde geh\u00f6ren heute Mauel und die Weiler Urmauel und Staudenhof. Der Ort lebte noch vor 50 Jahren nur von der Land- und Fortswirtschaft. Mit frei goldenen \u00c4hren und einen Eichenzweig soll dies ausgedr\u00fcckt werden. Der Zweig weist zudem auf ein wuchtiges Naturdenkmal auf Mauler Flur hin, die 280-j\u00e4hrige Napoleonseiche.<\/p>\n\n\n\n<p>Sie steht gegen\u00fcber vom Staudenhof, nicht weit vom Pr\u00fcmufer entfernt. Unter seinem Bl\u00e4tterdach soll schon Napoleon oder zumindest ein Truppenteil Napoleons vor etwas 200 Jahren gelagert haben. Der Eichenzweig ist als gr\u00fcne Figur in das silberne untere Feld des Wappen gelegt. Ein Blatt und zwei Eicheln, sollen den Ort und die beiden kleinen Weiler darstellen. Aus forstswissenschaftlicher Sicht ist der Baum gerade erwachsen worden. Hei\u00dft es doch im Volksmund:&#8220; Eine Eiche kommt 300 Jahre, steht 300 Jahre und geht 300 Jahre&#8220;<\/p>\n","protected":false},"excerpt":{"rendered":"<p>Wappenbeschreibung: \u201eVon Rot \u00fcber Silber geteilt durch schr\u00e4grechten blau-silbernen Wellenbalken, vorn gr\u00fcner Eichenzweig mit einem Blatt und zwei Eicheln, hinten drei goldene \u00c4hren&#8220; Wappenbegr\u00fcndung: Der Ort ist vermutlich zun\u00e4chst am heutigen Urmauel schon vor der Jahrtausendwende entstanden. Der Standort direkt<\/p>\n","protected":false},"author":1,"featured_media":0,"parent":0,"menu_order":0,"comment_status":"closed","ping_status":"closed","template":"","meta":{"footnotes":""},"class_list":["post-48","page","type-page","status-publish","hentry"],"_links":{"self":[{"href":"http:\/\/www.mauel-net.de\/index.php?rest_route=\/wp\/v2\/pages\/48","targetHints":{"allow":["GET"]}}],"collection":[{"href":"http:\/\/www.mauel-net.de\/index.php?rest_route=\/wp\/v2\/pages"}],"about":[{"href":"http:\/\/www.mauel-net.de\/index.php?rest_route=\/wp\/v2\/types\/page"}],"author":[{"embeddable":true,"href":"http:\/\/www.mauel-net.de\/index.php?rest_route=\/wp\/v2\/users\/1"}],"replies":[{"embeddable":true,"href":"http:\/\/www.mauel-net.de\/index.php?rest_route=%2Fwp%2Fv2%2Fcomments&post=48"}],"version-history":[{"count":1,"href":"http:\/\/www.mauel-net.de\/index.php?rest_route=\/wp\/v2\/pages\/48\/revisions"}],"predecessor-version":[{"id":49,"href":"http:\/\/www.mauel-net.de\/index.php?rest_route=\/wp\/v2\/pages\/48\/revisions\/49"}],"wp:attachment":[{"href":"http:\/\/www.mauel-net.de\/index.php?rest_route=%2Fwp%2Fv2%2Fmedia&parent=48"}],"curies":[{"name":"wp","href":"https:\/\/api.w.org\/{rel}","templated":true}]}}

<p><strong>Wappenbeschreibung:</strong></p>



<div class="wp-block-image"><figure class="alignright size-large"><img loading="lazy" decoding="async" width="120" height="129" src="http://www.mauel-net.de/wp-content/uploads/2021/02/wappen.gif" alt="Bild: Wappen der Ortsgemeinde Mauel" class="wp-image-47"/></figure></div>



<p>„Von Rot über Silber geteilt durch schrägrechten blau-silbernen Wellenbalken, vorn grüner Eichenzweig mit einem Blatt und zwei Eicheln, hinten drei goldene Ähren&#8220;</p>



<p><strong>Wappenbegründung:</strong></p>



<p>Der Ort ist vermutlich zunächst am heutigen Urmauel schon vor der Jahrtausendwende entstanden. Der Standort direkt an der Prüm war deutlich Wasser und hochwassergefährdet.</p>



<p>Der Ortsname leitet sich von alten Wortstämmen Mul oder Auwel ab, die beide auf Feuchtgebiete und auch ein hohes Alter hinweisen. Der silber-blaue Wellenschrägbalken soll die Prüm symbolisieren.</p>



<p>Die Region wurde um die erste Jahrtausendwende als Lehen der Abtei Prüm durch Hamm geführt. Die Farben der Abtei waren Rot und Silber. 1345 wird das heutige Mauel erstmals urkundlich erwähnt. Die Machtverhältnisse hatten sich grundlegend gewandelt. Mauel lag nun im Herrschaftsbereich von Luxembourg. Zur Gemeinde gehören heute Mauel und die Weiler Urmauel und Staudenhof. Der Ort lebte noch vor 50 Jahren nur von der Land- und Fortswirtschaft. Mit frei goldenen Ähren und einen Eichenzweig soll dies ausgedrückt werden. Der Zweig weist zudem auf ein wuchtiges Naturdenkmal auf Mauler Flur hin, die 280-jährige Napoleonseiche.</p>



<p>Sie steht gegenüber vom Staudenhof, nicht weit vom Prümufer entfernt. Unter seinem Blätterdach soll schon Napoleon oder zumindest ein Truppenteil Napoleons vor etwas 200 Jahren gelagert haben. Der Eichenzweig ist als grüne Figur in das silberne untere Feld des Wappen gelegt. Ein Blatt und zwei Eicheln, sollen den Ort und die beiden kleinen Weiler darstellen. Aus forstswissenschaftlicher Sicht ist der Baum gerade erwachsen worden. Heißt es doch im Volksmund:&#8220; Eine Eiche kommt 300 Jahre, steht 300 Jahre und geht 300 Jahre&#8220;</p>

<p>Wappenbeschreibung: „Von Rot über Silber geteilt durch schrägrechten blau-silbernen Wellenbalken, vorn grüner Eichenzweig mit einem Blatt und zwei Eicheln, hinten drei goldene Ähren&#8220; Wappenbegründung: Der Ort ist vermutlich zunächst am heutigen Urmauel schon vor der Jahrtausendwende entstanden. Der Standort direkt</p>
